{"id":64,"date":"2021-01-24T13:18:43","date_gmt":"2021-01-24T13:18:43","guid":{"rendered":"http:\/\/www.scop-renouvlab.fr\/?page_id=64"},"modified":"2021-02-14T00:08:05","modified_gmt":"2021-02-14T00:08:05","slug":"bois-energie","status":"publish","type":"page","link":"https:\/\/www.scop-renouvlab.fr\/?page_id=64","title":{"rendered":"Bois-\u00e9nergie"},"content":{"rendered":"\n<p>La for\u00eat reste un patrimoine \u00e0 prot\u00e9ger et sauvegarder. Son exploitation doit \u00eatre raisonn\u00e9e<\/p>\n\n\n\n<p>Le meilleur capteur solaire n&rsquo;est-il pas la feuille !?<\/p>\n\n\n\n<p>Le bois est une valeur s\u00fbre en regard de sa faible indexation sur les valeurs p\u00e9troli\u00e8res et de son abondante ressource dans nos r\u00e9gions.<\/p>\n\n\n\n<p>Nous proposons des syst\u00e8mes de chauffage fonctionnant \u00e0 la b\u00fbche, \u00e0 la plaquette foresti\u00e8re ou au granul\u00e9. Du po\u00eale aux chaudi\u00e8res collectives, la SCOP propose diff\u00e9rents services professionnels :<\/p>\n\n\n\n<ul class=\"wp-block-list\"><li>maintenance et entretien : ramonages, entretien de chaudi\u00e8res et de ses distribution, tubages, r\u00e9novation<\/li><li>installation de po\u00eales \u00e0 b\u00fbches et granul\u00e9s (avec ou sans chauffage hydraulique), de chaudi\u00e8res b\u00fbches et automatiques (plaquettes, granul\u00e9s, polycombustible)<\/li><li>op\u00e9rations de raccordements, de fumisterie, de distribution (planchers et murs chauffants, radiateurs, g\u00e9n\u00e9rateurs d&rsquo;air chaud&#8230;)<\/li><\/ul>\n\n\n\n<figure class=\"wp-block-gallery columns-3 is-cropped wp-block-gallery-1 is-layout-flex wp-block-gallery-is-layout-flex\"><ul class=\"blocks-gallery-grid\"><li class=\"blocks-gallery-item\"><figure><img decoding=\"async\" src=\"https:\/\/www.scop-renouvlab.fr\/wp-content\/uploads\/2021\/01\/POELE-BOUILLEUR-GRANULES-JOLLYMEC-Brera-20-kW-1024x934.jpg\" alt=\"\" data-id=\"14\" data-full-url=\"https:\/\/www.scop-renouvlab.fr\/wp-content\/uploads\/2021\/01\/POELE-BOUILLEUR-GRANULES-JOLLYMEC-Brera-20-kW-scaled.jpg\" data-link=\"https:\/\/www.scop-renouvlab.fr\/?attachment_id=14\" class=\"wp-image-14\"\/><figcaption class=\"blocks-gallery-item__caption\">Mod\u00e8le JOLLYMEC Brera 20 kW<\/figcaption><\/figure><\/li><li class=\"blocks-gallery-item\"><figure><img loading=\"lazy\" decoding=\"async\" width=\"465\" height=\"1024\" src=\"https:\/\/www.scop-renouvlab.fr\/wp-content\/uploads\/2021\/01\/PHOTO-FIN-POELE-GRANULES-e1610656722791-465x1024.jpg\" alt=\"\" data-id=\"13\" data-full-url=\"https:\/\/www.scop-renouvlab.fr\/wp-content\/uploads\/2021\/01\/PHOTO-FIN-POELE-GRANULES-e1610656722791.jpg\" data-link=\"https:\/\/www.scop-renouvlab.fr\/?attachment_id=13\" class=\"wp-image-13\" srcset=\"https:\/\/www.scop-renouvlab.fr\/wp-content\/uploads\/2021\/01\/PHOTO-FIN-POELE-GRANULES-e1610656722791-465x1024.jpg 465w, https:\/\/www.scop-renouvlab.fr\/wp-content\/uploads\/2021\/01\/PHOTO-FIN-POELE-GRANULES-e1610656722791-136x300.jpg 136w, https:\/\/www.scop-renouvlab.fr\/wp-content\/uploads\/2021\/01\/PHOTO-FIN-POELE-GRANULES-e1610656722791.jpg 552w\" sizes=\"auto, (max-width: 465px) 100vw, 465px\" \/><figcaption class=\"blocks-gallery-item__caption\">Mod\u00e8le JOLLYMEC Bridge 10 kW &#8211; maison neuve RT2012<\/figcaption><\/figure><\/li><li class=\"blocks-gallery-item\"><figure><img decoding=\"async\" src=\"https:\/\/www.scop-renouvlab.fr\/wp-content\/uploads\/2021\/01\/PHOTO-CHAUD-GRANULES-1024x998.jpg\" alt=\"\" data-id=\"12\" data-full-url=\"https:\/\/www.scop-renouvlab.fr\/wp-content\/uploads\/2021\/01\/PHOTO-CHAUD-GRANULES.jpg\" data-link=\"https:\/\/www.scop-renouvlab.fr\/?attachment_id=12\" class=\"wp-image-12\"\/><figcaption class=\"blocks-gallery-item__caption\">Mod\u00e8le HARGASSNER nano PK 25 kW<\/figcaption><\/figure><\/li><li class=\"blocks-gallery-item\"><figure><img decoding=\"async\" src=\"https:\/\/www.scop-renouvlab.fr\/wp-content\/uploads\/2021\/01\/CHAUD-GRANULES-SOLAIRE-THERMIQUE.jpg\" alt=\"\" data-id=\"11\" data-full-url=\"https:\/\/www.scop-renouvlab.fr\/wp-content\/uploads\/2021\/01\/CHAUD-GRANULES-SOLAIRE-THERMIQUE.jpg\" data-link=\"https:\/\/www.scop-renouvlab.fr\/?attachment_id=11\" class=\"wp-image-11\"\/><figcaption class=\"blocks-gallery-item__caption\">Chaudi\u00e8re Hargassner Classic Lambda silo sur mesure 7 tonnes non visible sur partie gauche) coupl\u00e9e CESI<\/figcaption><\/figure><\/li><\/ul><\/figure>\n\n\n\n<p>Notre savoir faire nous permet de collaborer avec la <a href=\"http:\/\/boisenergielot.fr\/\">Soci\u00e9t\u00e9 Coop\u00e9rative d&rsquo;Int\u00e9r\u00eat Collectif Bois \u00c9nergie Lot (SCIC BEL)<\/a> qui op\u00e8re en tiers investisseur sur le d\u00e9veloppement de chaudi\u00e8res collectives, et valorise la ressource locale via la plaquette foresti\u00e8re produite sur le territoire.<\/p>\n\n\n\n<figure class=\"wp-block-gallery columns-2 is-cropped wp-block-gallery-2 is-layout-flex wp-block-gallery-is-layout-flex\"><ul class=\"blocks-gallery-grid\"><li class=\"blocks-gallery-item\"><figure><img loading=\"lazy\" decoding=\"async\" width=\"1024\" height=\"556\" src=\"https:\/\/www.scop-renouvlab.fr\/wp-content\/uploads\/2021\/01\/MODULE-CHAUDIRE-BOIS-PLAQUETTES-1024x556.jpg\" alt=\"\" data-id=\"18\" data-full-url=\"https:\/\/www.scop-renouvlab.fr\/wp-content\/uploads\/2021\/01\/MODULE-CHAUDIRE-BOIS-PLAQUETTES-scaled.jpg\" data-link=\"https:\/\/www.scop-renouvlab.fr\/?attachment_id=18\" class=\"wp-image-18\" srcset=\"https:\/\/www.scop-renouvlab.fr\/wp-content\/uploads\/2021\/01\/MODULE-CHAUDIRE-BOIS-PLAQUETTES-1024x556.jpg 1024w, https:\/\/www.scop-renouvlab.fr\/wp-content\/uploads\/2021\/01\/MODULE-CHAUDIRE-BOIS-PLAQUETTES-300x163.jpg 300w, https:\/\/www.scop-renouvlab.fr\/wp-content\/uploads\/2021\/01\/MODULE-CHAUDIRE-BOIS-PLAQUETTES-768x417.jpg 768w, https:\/\/www.scop-renouvlab.fr\/wp-content\/uploads\/2021\/01\/MODULE-CHAUDIRE-BOIS-PLAQUETTES-1536x834.jpg 1536w, https:\/\/www.scop-renouvlab.fr\/wp-content\/uploads\/2021\/01\/MODULE-CHAUDIRE-BOIS-PLAQUETTES-2048x1112.jpg 2048w, https:\/\/www.scop-renouvlab.fr\/wp-content\/uploads\/2021\/01\/MODULE-CHAUDIRE-BOIS-PLAQUETTES-1200x652.jpg 1200w, https:\/\/www.scop-renouvlab.fr\/wp-content\/uploads\/2021\/01\/MODULE-CHAUDIRE-BOIS-PLAQUETTES-1980x1075.jpg 1980w\" sizes=\"auto, (max-width: 1024px) 100vw, 1024px\" \/><figcaption class=\"blocks-gallery-item__caption\">Raccordement du module bois-\u00e9nergie au r\u00e9seau de chauffage du site<\/figcaption><\/figure><\/li><li class=\"blocks-gallery-item\"><figure><img loading=\"lazy\" decoding=\"async\" width=\"1024\" height=\"768\" src=\"https:\/\/www.scop-renouvlab.fr\/wp-content\/uploads\/2021\/01\/CHAUFFERIE-BOIS-PLAQUETTES-1024x768.jpg\" alt=\"\" data-id=\"17\" data-full-url=\"https:\/\/www.scop-renouvlab.fr\/wp-content\/uploads\/2021\/01\/CHAUFFERIE-BOIS-PLAQUETTES-scaled.jpg\" data-link=\"https:\/\/www.scop-renouvlab.fr\/?attachment_id=17\" class=\"wp-image-17\" srcset=\"https:\/\/www.scop-renouvlab.fr\/wp-content\/uploads\/2021\/01\/CHAUFFERIE-BOIS-PLAQUETTES-1024x768.jpg 1024w, https:\/\/www.scop-renouvlab.fr\/wp-content\/uploads\/2021\/01\/CHAUFFERIE-BOIS-PLAQUETTES-300x225.jpg 300w, https:\/\/www.scop-renouvlab.fr\/wp-content\/uploads\/2021\/01\/CHAUFFERIE-BOIS-PLAQUETTES-768x576.jpg 768w, https:\/\/www.scop-renouvlab.fr\/wp-content\/uploads\/2021\/01\/CHAUFFERIE-BOIS-PLAQUETTES-1536x1152.jpg 1536w, https:\/\/www.scop-renouvlab.fr\/wp-content\/uploads\/2021\/01\/CHAUFFERIE-BOIS-PLAQUETTES-2048x1536.jpg 2048w, https:\/\/www.scop-renouvlab.fr\/wp-content\/uploads\/2021\/01\/CHAUFFERIE-BOIS-PLAQUETTES-1200x900.jpg 1200w, https:\/\/www.scop-renouvlab.fr\/wp-content\/uploads\/2021\/01\/CHAUFFERIE-BOIS-PLAQUETTES-1980x1485.jpg 1980w\" sizes=\"auto, (max-width: 1024px) 100vw, 1024px\" \/><figcaption class=\"blocks-gallery-item__caption\">Raccordement de la chaudi\u00e8re HEIZOMAT 600 kW au r\u00e9seau de chaleur du site<\/figcaption><\/figure><\/li><\/ul><\/figure>\n","protected":false},"excerpt":{"rendered":"<p>La for\u00eat reste un patrimoine \u00e0 prot\u00e9ger et sauvegarder. Son exploitation doit \u00eatre raisonn\u00e9e Le meilleur capteur solaire n&rsquo;est-il pas la feuille !? Le bois est une valeur s\u00fbre en regard de sa faible indexation sur les valeurs p\u00e9troli\u00e8res et de son abondante ressource dans nos r\u00e9gions. Nous proposons des syst\u00e8mes de chauffage fonctionnant \u00e0 [&hellip;]<\/p>\n","protected":false},"author":1,"featured_media":0,"parent":0,"menu_order":0,"comment_status":"closed","ping_status":"closed","template":"","meta":{"footnotes":""},"class_list":["post-64","page","type-page","status-publish","hentry"],"_links":{"self":[{"href":"https:\/\/www.scop-renouvlab.fr\/index.php?rest_route=\/wp\/v2\/pages\/64","targetHints":{"allow":["GET"]}}],"collection":[{"href":"https:\/\/www.scop-renouvlab.fr\/index.php?rest_route=\/wp\/v2\/pages"}],"about":[{"href":"https:\/\/www.scop-renouvlab.fr\/index.php?rest_route=\/wp\/v2\/types\/page"}],"author":[{"embeddable":true,"href":"https:\/\/www.scop-renouvlab.fr\/index.php?rest_route=\/wp\/v2\/users\/1"}],"replies":[{"embeddable":true,"href":"https:\/\/www.scop-renouvlab.fr\/index.php?rest_route=%2Fwp%2Fv2%2Fcomments&post=64"}],"version-history":[{"count":4,"href":"https:\/\/www.scop-renouvlab.fr\/index.php?rest_route=\/wp\/v2\/pages\/64\/revisions"}],"predecessor-version":[{"id":130,"href":"https:\/\/www.scop-renouvlab.fr\/index.php?rest_route=\/wp\/v2\/pages\/64\/revisions\/130"}],"wp:attachment":[{"href":"https:\/\/www.scop-renouvlab.fr\/index.php?rest_route=%2Fwp%2Fv2%2Fmedia&parent=64"}],"curies":[{"name":"wp","href":"https:\/\/api.w.org\/{rel}","templated":true}]}}