{"id":142,"date":"2021-12-07T22:08:15","date_gmt":"2021-12-07T22:08:15","guid":{"rendered":"https:\/\/www.scop-renouvlab.fr\/?page_id=142"},"modified":"2021-12-07T22:08:15","modified_gmt":"2021-12-07T22:08:15","slug":"nos-services-2","status":"publish","type":"page","link":"https:\/\/www.scop-renouvlab.fr\/?page_id=142","title":{"rendered":"Nos services"},"content":{"rendered":"\n<p>Acteurs en milieu rural des causses du Quercy et alentours, notre Soci\u00e9t\u00e9 COop\u00e9rative et Participative (forme sociale SCOP) s&rsquo;est sp\u00e9cialis\u00e9e dans les \u00e9nergies renouvelables (d&rsquo;o\u00f9 Renouv&rsquo;lab !) en associant diff\u00e9rentes <a href=\"https:\/\/www.scop-renouvlab.fr\/?page_id=107\" data-type=\"page\" data-id=\"107\">comp\u00e9tences<\/a> issues d&rsquo;exp\u00e9riences professionnelles en ma\u00eetrise de l&rsquo;\u00e9nergie, et valorisant les fili\u00e8res solaires (thermique et \u00e9lectrique) et bois-\u00e9nergie (b\u00fbches, granul\u00e9s, plaquettes).<\/p>\n\n\n\n<div class=\"wp-block-columns are-vertically-aligned-center is-layout-flex wp-container-core-columns-is-layout-9d6595d7 wp-block-columns-is-layout-flex\">\n<div class=\"wp-block-column is-vertically-aligned-center is-layout-flow wp-block-column-is-layout-flow\" style=\"flex-basis:100%\">\n<div class=\"wp-block-image is-style-rounded\"><figure class=\"aligncenter size-large is-resized\"><img loading=\"lazy\" decoding=\"async\" src=\"https:\/\/www.scop-renouvlab.fr\/wp-content\/uploads\/2021\/12\/pose-capteurs-therm-pv-1024x768.jpg\" alt=\"\" class=\"wp-image-144\" width=\"333\" height=\"250\" srcset=\"https:\/\/www.scop-renouvlab.fr\/wp-content\/uploads\/2021\/12\/pose-capteurs-therm-pv-1024x768.jpg 1024w, https:\/\/www.scop-renouvlab.fr\/wp-content\/uploads\/2021\/12\/pose-capteurs-therm-pv-300x225.jpg 300w, https:\/\/www.scop-renouvlab.fr\/wp-content\/uploads\/2021\/12\/pose-capteurs-therm-pv-768x576.jpg 768w, https:\/\/www.scop-renouvlab.fr\/wp-content\/uploads\/2021\/12\/pose-capteurs-therm-pv.jpg 1134w\" sizes=\"auto, (max-width: 333px) 100vw, 333px\" \/><figcaption>solaire thermique (chauffe eau) et photovolta\u00efque en autoconsommation et vente du surplus<\/figcaption><\/figure><\/div>\n<\/div>\n<\/div>\n\n\n\n<p>Nous proposons une gamme de services allant de l&rsquo;\u00e9tude \u00e0 la r\u00e9alisation et la maintenance dans les domaines solaire et bois-\u00e9nergie.<\/p>\n\n\n\n<p>L&rsquo;\u00e9tude comporte diff\u00e9rents niveaux : faisabilit\u00e9 d&rsquo;un projet, dimensionnement, appui technique, suivi de programmation, suivi de performances, audit d&rsquo;installations. La SCOP s&rsquo;appuie sur des outils techniques et informatiques, sur des ressources institutionnelles et sur son r\u00e9seau pour proposer des prestations adapt\u00e9es au besoin.<\/p>\n\n\n\n<p>Dans les services g\u00e9n\u00e9raux nous r\u00e9alisons des travaux de plomberie\/chauffage (tous r\u00e9seaux hydrauliques), dont l&rsquo;entretien et la ramonage des appareils de chauffage, et d&rsquo;\u00e9lectricit\u00e9 g\u00e9n\u00e9rale.<\/p>\n\n\n\n<p>Les travaux d&rsquo;entretien, de maintenance et de suivi occupent une part distincte de notre activit\u00e9.<\/p>\n\n\n\n<p>Nos sp\u00e9cialit\u00e9s concernent :<\/p>\n\n\n\n<p>Le <a href=\"https:\/\/www.scop-renouvlab.fr\/?page_id=32\" data-type=\"page\" data-id=\"32\">solaire thermique<\/a> : chauffe eau, chauffage<\/p>\n\n\n\n<p>Le <a href=\"https:\/\/www.scop-renouvlab.fr\/?page_id=62\" data-type=\"page\" data-id=\"62\">solaire photovolta\u00efque<\/a> : diff\u00e9rentes valorisations de la production \u00e9lectrique solaire<\/p>\n\n\n\n<p>Le <a href=\"https:\/\/www.scop-renouvlab.fr\/?page_id=64\" data-type=\"page\" data-id=\"64\">bois-\u00e9nergie<\/a> : chauffage au bois<\/p>\n\n\n\n<div class=\"wp-block-image\"><figure class=\"aligncenter size-large is-resized\"><img loading=\"lazy\" decoding=\"async\" src=\"https:\/\/www.scop-renouvlab.fr\/wp-content\/uploads\/2021\/12\/BANDEAU-2021-1024x411.jpg\" alt=\"\" class=\"wp-image-143\" width=\"615\" height=\"247\" srcset=\"https:\/\/www.scop-renouvlab.fr\/wp-content\/uploads\/2021\/12\/BANDEAU-2021-1024x411.jpg 1024w, https:\/\/www.scop-renouvlab.fr\/wp-content\/uploads\/2021\/12\/BANDEAU-2021-300x120.jpg 300w, https:\/\/www.scop-renouvlab.fr\/wp-content\/uploads\/2021\/12\/BANDEAU-2021-768x308.jpg 768w, https:\/\/www.scop-renouvlab.fr\/wp-content\/uploads\/2021\/12\/BANDEAU-2021.jpg 1082w\" sizes=\"auto, (max-width: 615px) 100vw, 615px\" \/><\/figure><\/div>\n","protected":false},"excerpt":{"rendered":"<p>Acteurs en milieu rural des causses du Quercy et alentours, notre Soci\u00e9t\u00e9 COop\u00e9rative et Participative (forme sociale SCOP) s&rsquo;est sp\u00e9cialis\u00e9e dans les \u00e9nergies renouvelables (d&rsquo;o\u00f9 Renouv&rsquo;lab !) en associant diff\u00e9rentes comp\u00e9tences issues d&rsquo;exp\u00e9riences professionnelles en ma\u00eetrise de l&rsquo;\u00e9nergie, et valorisant les fili\u00e8res solaires (thermique et \u00e9lectrique) et bois-\u00e9nergie (b\u00fbches, granul\u00e9s, plaquettes). Nous proposons une gamme [&hellip;]<\/p>\n","protected":false},"author":1,"featured_media":0,"parent":0,"menu_order":0,"comment_status":"closed","ping_status":"closed","template":"","meta":{"footnotes":""},"class_list":["post-142","page","type-page","status-publish","hentry"],"_links":{"self":[{"href":"https:\/\/www.scop-renouvlab.fr\/index.php?rest_route=\/wp\/v2\/pages\/142","targetHints":{"allow":["GET"]}}],"collection":[{"href":"https:\/\/www.scop-renouvlab.fr\/index.php?rest_route=\/wp\/v2\/pages"}],"about":[{"href":"https:\/\/www.scop-renouvlab.fr\/index.php?rest_route=\/wp\/v2\/types\/page"}],"author":[{"embeddable":true,"href":"https:\/\/www.scop-renouvlab.fr\/index.php?rest_route=\/wp\/v2\/users\/1"}],"replies":[{"embeddable":true,"href":"https:\/\/www.scop-renouvlab.fr\/index.php?rest_route=%2Fwp%2Fv2%2Fcomments&post=142"}],"version-history":[{"count":1,"href":"https:\/\/www.scop-renouvlab.fr\/index.php?rest_route=\/wp\/v2\/pages\/142\/revisions"}],"predecessor-version":[{"id":145,"href":"https:\/\/www.scop-renouvlab.fr\/index.php?rest_route=\/wp\/v2\/pages\/142\/revisions\/145"}],"wp:attachment":[{"href":"https:\/\/www.scop-renouvlab.fr\/index.php?rest_route=%2Fwp%2Fv2%2Fmedia&parent=142"}],"curies":[{"name":"wp","href":"https:\/\/api.w.org\/{rel}","templated":true}]}}